s of h.
233
Let d(q) = -5990*q + 2764. List the prime factors of d(-5).
2, 11, 1487
Suppose 5*n - 442 = -3*v - v, 320 = 3*v - 2*n. Let z(f) = 3*f - 39. Let t be z(12). Let l = v + t. What are the prime factors of l?
3, 5, 7
Let a = 40960 - 8769. What are the prime factors of a?
32191
Let j = 31739 - 8418. List the prime factors of j.
23321
Let o(a) = a**3 + 10*a**2 + 29*a + 126. Let i be o(-8). Suppose i*k = -16778 + 63704. What are the prime factors of k?
3, 79
Let i be (-13 - (-1335)/105)/(1/(-28)). Let p(a) = 3 + 6 - 1 + 9*a. What are the prime factors of p(i)?
2, 5
Suppose -95*s + 62*s = 96*s - 1344696. List the prime factors of s.
2, 1303
Let o be 3 - ((-6)/(-2) + -2). Let f(r) be the third derivative of 13*r**5/60 - r**4/8 + 5*r**3/6 - 76*r**2. List the prime factors of f(o).
3, 17
Let c(y) = 2*y**2 + 40*y + 2. Let v be c(-20). Let s(f) = -f**3 - 2713*f**v - 3 + 4*f + 5*f + 2707*f**2. List the prime factors of s(-8).
53
Suppose 0 = 21*b - 141 - 111. Suppose -5*d = 2*c - 281, 2*c - 4*c - 4*d = -276. Suppose 2*w - 114 = 3*k, c = 2*w - 2*k + b. List the prime factors of w.
2, 3, 5
Suppose k - 16029 = 14159. What are the prime factors of k?
2, 7547
Let o(a) = -a**3 + 8*a**2 - 6*a - 17. Let n = -16 + 23. Let j be o(n). Let g(w) = 2*w**2 + w - 15. What are the prime factors of g(j)?
5, 7
Let d = -105 - -4231. Suppose -5*x - 2*y = -4753, -4*x + d = -5*y + 317. Suppose -5*g = 226 - x. What are the prime factors of g?
5, 29
Let w be ((-8)/2 - -5)*(2 - 1). What are the prime factors of w - (-823)/7 - (-21)/49?
7, 17
List the prime factors of (-106632)/(-2) - (515 - 538).
11, 13, 373
What are the prime factors of ((-1 - 0)/(-4))/(29/392776)?
2, 1693
Suppose 0 = -27*f + 16*f + 2189. Suppose -l + 798 - f = -4*a, 3*a + 597 = l. List the prime factors of l.
3, 197
Let z(p) be the third derivative of 9*p**4/2 + 12*p**3 + 4*p**2 - p. What are the prime factors of z(7)?
2, 3, 23
Suppose 5*m - 4*m = 7. What are the prime factors of -15*(368/(-12) + (2 - m))?
5, 107
Let g(o) = 3824*o**2 + 7*o + 6. List the prime factors of g(-1).
3823
Suppose 0 = 24*y - 85290 + 32418. List the prime factors of y.
2203
Let o(m) = -2066*m**3 - 2*m**2 - 6*m - 5. Let j be o(-1). Suppose -z + 763 = -2*x, 3*z - x = j + 214. List the prime factors of z.
3, 11, 23
Let x(u) = 223*u**2 - 5*u + 19. List the prime factors of x(-5).
3, 1873
Let r = 31 - 29. Suppose 0 = 3*f + 2*j - r, 2*f + j = -0*f + 2. Suppose 2*v - 5*z = 221, -f*v + 3*z + 327 = v. What are the prime factors of v?
2, 3
What are the prime factors of (1/((-10)/(-28)))/(((-64)/21200)/(-4))?
2, 5, 7, 53
List the prime factors of -8*18/(-8)*31360/21.
2, 3, 5, 7
Let m(v) = -3*v**3 + 2*v + 6. Let x(k) = -k**2 - 2. Let w(i) = -m(i) - 5*x(i). What are the prime factors of w(3)?
2, 31
Suppose 40*v - 341000 = 78960. What are the prime factors of v?
10499
Let q(h) = 90*h**2 - 115*h - 39. What are the prime factors of q(7)?
2, 1783
Suppose -3*b = 5*n - 3*n - 25, -4*b + 4*n = 0. Suppose r - 136 = 4*k, -2*k = b*r - 6*k - 616. What are the prime factors of r?
2, 3, 5
Let k(a) = 26960*a - 1586. List the prime factors of k(2).
2, 137, 191
Let y(s) = 3282*s - 4096. What are the prime factors of y(5)?
2, 47, 131
Suppose 63*o - 4 = 61*o. Suppose 3*r - 8 = -4*j, 0 = -j + 3*j + r - o. Let z = j - -3. List the prime factors of z.
2
Suppose 0 = 4*z - 20, -z = b + 4*b - 1440. Let w = 143 - b. Let f = w + 337. List the prime factors of f.
193
Let j(v) = v**2 - v - 47. Let h be j(8). Suppose 0 = -4*x - h + 385. List the prime factors of x.
2, 47
Let n(h) = 27*h**2 - 738*h + 66. List the prime factors of n(28).
2, 3, 5, 19
Let p(y) be the second derivative of -y**5/24 - 2*y**3 + 7*y. Let c(k) be the second derivative of p(k). List the prime factors of c(-3).
3, 5
Suppose 0 = -4*t - 5*o - 291 - 64, -3*t = 4*o + 267. Let s = 465 + t. List the prime factors of 7/(-1)*s/(-14).
2, 5, 19
Suppose -2*a + 5*y + 177228 = 0, -81*a + 354336 = -77*a + 5*y. List the prime factors of a.
2, 11, 4027
Suppose 0 = 2*m + 4*a - 33090, -81638 = -5*m + 3*a + 1009. What are the prime factors of m?
3, 11, 167
Suppose -4*j = 465 + 167. Let l = 343 + j. Let p = l + -113. What are the prime factors of p?
2, 3
Let v(a) = -9*a + 111. Suppose 9*t - 34 = -106. What are the prime factors of v(t)?
3, 61
Let w be (-4)/(-1)*2529/36. Suppose 5*v + w = 2201. What are the prime factors of v?
2, 3
Let g(l) = l**3 - 8*l**2 - 37*l - 63. Let c be g(9). Suppose -2*y + 82 = 1050. Let a = c - y. List the prime factors of a.
13
List the prime factors of ((-2)/(-6))/(238/4422516).
2, 19, 163
Suppose -14*j + 8*j - 90312 = 0. What are the prime factors of (-12)/18*(5 - j/(-8))?
3, 139
Suppose o + 63 - 62 = 0. List the prime factors of o/((-10)/6) + 385/25.
2
Let x = 548 + 517. What are the prime factors of x?
3, 5, 71
Let x = 318 + -311. Suppose d - 646 = -d. Suppose -918 = -x*h - d. What are the prime factors of h?
5, 17
Suppose 2 = -p + 3, 4*g + 4*p - 16 = 0. Let a(k) = 10*k**2 + 3*k + 10. Let z(v) = v**2 + v. Let x(q) = a(q) - 6*z(q). What are the prime factors of x(g)?
37
Suppose 8*f - 17*f + 720 = 0. Suppose 3*i - 86 + f = 0. List the prime factors of (((-72)/(-15))/i)/(2/125).
2, 3, 5
Suppose 5*t = -3*t + 7816. Suppose 221 = -4*l + t. List the prime factors of l.
3, 7
Let f(k) = -k**2 - 21*k + 29. Let p be f(-22). Suppose -2*t - p*t + 6588 = 0. Suppose 10*o + 2*o - t = 0. What are the prime factors of o?
61
Let p(a) = -a**3 - 7*a**2 - 8*a - 9. Let x be p(-6). List the prime factors of 1 - x - (-2 + -412).
2, 103
Let n = 37966 + -26154. List the prime factors of n.
2, 2953
Let l(g) = -g**3 - 23*g**2 - 44*g - 9. Let m be l(-21). What are the prime factors of (-659)/(-3) + (-55)/m?
2, 109
Suppose -4*i + 14192 = 4*i. Suppose -w = -5*y - 460, 4*w + 2*y = -0*w + i. What are the prime factors of w?
5, 89
What are the prime factors of ((-49)/3)/7 + (-879008)/(-96)?
2, 23, 199
List the prime factors of 1247/(-232) + 5 - (-51747)/8.
2, 3, 7, 11
Let t(o) = 13*o**2 + 10*o + 544. Let l(r) = -4*r**2 - 3*r - 182. Let h(x) = -7*l(x) - 2*t(x). What are the prime factors of h(25)?
3, 487
Suppose -h - 25575 = -5*x, h + 13244 = 4*x - 7216. Suppose 5*u + 2*j + 0*j = x, 5*j = -3*u + 3069. What are the prime factors of u?
3, 11, 31
Suppose -5*q - 218*p + 11408 = -214*p, -15 = 5*p. List the prime factors of q.
2, 571
Let q = -121556 - -176357. List the prime factors of q.
3, 6089
Let w(n) = n**2 + 16*n + 20. Let y be w(19). Suppose -5*h = -0*h + y. Let p = -51 - h. List the prime factors of p.
2, 43
Suppose -2*b + 10*h + 6 = 8*h, 9 = 3*b + 3*h. Let p(v) = 171*v + 44. What are the prime factors of p(b)?
557
Suppose 18295 + 64393 = 32*t. List the prime factors of t.
2, 17, 19
Let f(w) = 57*w**3 + 7*w**2 - 3*w - 4. Let u be f(3). Suppose 0 = -4*i - 277 + u. What are the prime factors of i?
2, 41
Let v(a) = 182*a + 235. What are the prime factors of v(102)?
11, 1709
Suppose 65*z + 14982 = 68*z - 3*t, -5*t = -4*z + 19971. What are the prime factors of z?
4999
Suppose 59*h + 68*h - 11166624 = -1399689. What are the prime factors of h?
3, 5, 1709
Suppose -d = -2, 0 = 2*h + 2*d - 5 - 5. Let t be h + (-9)/(-3)*1 + -1. Suppose -t*l = -3*l + 3*f - 58, 96 = 4*l + f. What are the prime factors of l?
23
Suppose i = -5*s + 4*s + 5744, 11488 = 2*s + 3*i. What are the prime factors of s?
2, 359
Let k(s) = 6*s**3 + 4*s**2 + 5*s - 23. Let o = -373 - -377. What are the prime factors of k(o)?
5, 89
Let t(h) = -1330*h - 196. What are the prime factors of t(-5)?
2, 7, 461
Suppose -2*a - r + 0 = -5, 5*r + 14 = 3*a. Suppose 3 = 2*y - 3*q, -27 - 24 = -4*y - a*q. List the prime factors of ((-6)/y)/((-491)/489 - -1).
163
Let c = -138 + 194. Suppose -c*a = -52*a - 1540. What are the prime factors of a?
5, 7, 11
Let u(s) = -s - 2. Let p be u(-15). Suppose -8548 = -p*q + 13045. Suppose 77 = -9*x + q. List the prime factors of x.
2, 11
Suppose -2*q - k - 103 = -6*q, 106 = 3*q + 5*k. Suppose 31*c = q*c + 88. Suppose 3*p + c - 148 = 0. List the prime factors of p.
2, 3, 7
Let z(f) = -449*f - 26. Let h(s) = -674*s - 37. Let u(y) = -5*h(y) + 7*z(y). What are the prime factors of u(4)?
911
Let i be -1 - (-1)/(3/33). Suppose -a - i = -2*g, -6 = -4*g - 2*a - 2. Suppose 0 = k + 5*j - 134, 0 = 2*k + g*j - 352 + 119. List the prime factors of k.
109
